 6 + t = 2*z + 3*k. Suppose -2*o = -z*o - 44. What is the units digit of o?
2
Let q(g) = g**3 - 15*g**2 + 13*g + 14. Let f be q(14). Suppose f = -5*r + 3*t + 137, 4*r - 145 = -r + 5*t. What is the tens digit of r?
2
Let c(v) = -v**2 + 5*v + 14. Let s be c(7). Suppose s = -n + 11 - 5. Suppose 2*g - 29 = -3*r, -11 = -g + r - n*r. What is the units digit of g?
6
Let g(b) = -b**3 - 15*b**2 - 3*b - 13. Let y be g(-15). Suppose -5*p + y = -178. Suppose 8*h - p = 7*h. What is the tens digit of h?
4
Suppose 3*h + 2*h + 60 = 0. Let l = h + 10. What is the tens digit of (10*l)/(-1) + 2?
2
Suppose 28 = -2*a + 48. Let l = a - -158. What is the hundreds digit of l?
1
Let x = 31 + 26. What is the tens digit of x?
5
Let z(j) = 187*j - 2. Let g be z(1). Let y = -21 + g. What is the hundreds digit of y?
1
Suppose 6 - 1 = -5*v. Let f = v + 11. What is the units digit of f?
0
Let u = -77 - -131. What is the units digit of 3*((-12)/u - 101/(-9))?
3
Let r = 12 - 9. Suppose -2*w - 5 = 1, r*o + 5*w = -24. What is the tens digit of (5/(-10))/(o/246)?
4
Let v be ((-1 + -1)*-15)/((-3)/2). Let z = 142 - v. What is the tens digit of z?
6
Let v be ((-10)/(-5))/(4/8). Suppose v*f + 4*i - 31 = -i, -5 = i. What is the tens digit of f?
1
Suppose 11*j - 3*s - 8028 = 7*j, -j - 4*s = -1988. What is the tens digit of j?
0
Let b(q) = -q**3 + 3*q - 3. Let o(r) = -r**3 - 3*r**2 - 3. Suppose -1 = 3*g + 8. Let c be o(g). What is the tens digit of b(c)?
1
Suppose -5*y + 4*m - 1318 = 0, -y - 12*m - 252 = -7*m. Let p = y + 453. What is the units digit of p?
1
Let p(x) = -115*x + 812. What is the thousands digit of p(-27)?
3
Suppose 33 = -3*t + i, 0 = -5*t - 2*i + i - 47. Let h = t - -14. Suppose -u + 8 = -0*m - m, 0 = u - h*m - 8. What is the units digit of u?
8
Let p = -3011 - -5464. What is the thousands digit of p?
2
Let y(t) = 21*t - 7. Let h be 5*(4/10 + 0). What is the units digit of y(h)?
5
Let c be (1/2)/((-6)/1500). Let l = c - -219. Let f = l + -50. What is the units digit of f?
4
Let s(j) = -7*j**2 - 2. Let a be s(2). Let q be -18*(a/(-9))/(-5). Let b = q + 14. What is the tens digit of b?
2
Let h be 126 - (0 - -3) - 1*-1. Suppose -46 - h = -2*y. What is the tens digit of y?
8
Let z(w) = -3*w - 11. Let x be 0/(2/(-2) + 0). Suppose 0 = -v - x - 13. What is the tens digit of z(v)?
2
Let f(x) = -3*x**2 - 2*x - 2. Let c be f(-2). What is the tens digit of (-556)/c + 28/70?
5
Suppose 5*r = 2475 + 1325. What is the tens digit of r?
6
Let q = 2 + 1. Suppose 3*b + 5*m - 263 = -80, -4*m = 2*b - 124. Suppose b = 2*y + 2*x + 2*x, -q*y + 88 = 5*x. What is the tens digit of y?
3
Suppose -5243 - 11956 = -9*j. What is the units digit of j?
1
Let n(j) be the second derivative of 0*j**2 + 1/2*j**4 + 8*j - 2/3*j**3 + 0. What is the tens digit of n(2)?
1
Let p be (-22)/55 - (-254)/10. Let b be 4/(8/6) + p. Suppose 4*o - 20 = -3*x + 2*x, 4*x + b = 2*o. What is the units digit of o?
6
Suppose -2*z + 570 = 3*v, -3*z - 4*v - 285 = -4*z. What is the tens digit of z?
8
Let x = -12 + 11. What is the tens digit of (14/(-4))/(x/12)?
4
Let p = 73 + -33. Suppose -2*j - p = -128. What is the tens digit of j?
4
Suppose -4*o - 3*h + 116 = h, -3*h = 4*o - 113. Suppose -2*b - o = -3*b + a, -27 = -2*b - 3*a. What is the tens digit of b?
2
What is the hundreds digit of (9 + (-789)/(-6))*10?
4
Suppose -2*s = -2*a - 4*s - 8, 2*a + 3*s + 8 = 0. What is the tens digit of 483/6 + 6/a?
7
Let r = 9 + 7. Suppose -3*x - x + r = 0. Suppose -x*a + 27 = -4*d - 81, -3*d = -2*a + 58. What is the tens digit of a?
2
Let l(x) = 4*x - 12. Let h be l(4). Suppose -u - 356 = -3*t, -u - 25 = -h*t + 448. What is the units digit of t?
7
Let j be -6*(657/(-6) + -1 + 2). Suppose -i + 5*k = -217, -3*i + k - 4*k = -j. What is the units digit of i?
7
Let u(x) = 3*x. Suppose -4*i + m + 6 = -5, -3*m = -i + 11. What is the units digit of u(i)?
6
Suppose -b - 23 = -2*r - 6*b, 2*r + 7 = 5*b. Let m(f) = -f**2 + 5*f + 1. Let h be m(r). Let x = 15 - h. What is the units digit of x?
0
Let v(k) = -k**2 + 5*k + 9. Let j be v(6). Suppose -j*x + 66 = -6. Suppose 26*u - 104 = x*u. What is the units digit of u?
2
Let x = -89 - -137. Let i = -47 + x. What is the units digit of i?
1
Let t(p) = -p**2 - 10*p - 8. Let c = 13 + -22. Let r be t(c). What is the units digit of r/(-4*(-1)/104)?
6
What is the thousands digit of (-3)/(10 - 1) - (-820248)/234?
3
Let c = 8 + 202. Suppose -4*y + 275 = 5*f, -4*f + y - 11 + c = 0. What is the units digit of f?
1
Let o be 0/6 + (0 - 0). Suppose 0 = 2*n, -a + o*n = -2*n - 67. What is the units digit of a?
7
Let i = 27 + 239. What is the hundreds digit of i?
2
Suppose 2*m = w + 5*m + 9, -3*w = 4*m + 22. Let q = -6 - w. Let d(b) = b + 17. What is the tens digit of d(q)?
1
Let r be -9 - (-1)/1*-2. Let o = r - -14. Suppose -m = -0*m - 5*h - 49, -3*m = -o*h - 135. What is the units digit of m?
4
Let b = 48 + -16. Let z = 35 + b. What is the units digit of z?
7
Suppose 0 = -2*c + 6*c + 32. Let r(z) = z**2 + 14*z + 11. Let g be r(c). Let y = -23 - g. What is the units digit of y?
4
Let m(f) = 1518*f**2 + 2*f. What is the thousands digit of m(1)?
1
Suppose -3*q - 7 = -g, 2*q = -3*q - 4*g + 11. Let n = q + 1. Suppose 3*o - 9 = -n. What is the units digit of o?
3
Let z = 21 + -14. Let s be (z + -7)/(1*-2). What is the tens digit of (-11)/((-33)/36) + s?
1
Let p = -4025 - -8055. What is the hundreds digit of p?
0
Let o(z) be the second derivative of 8*z + 11/6*z**3 + z**2 + 0. What is the tens digit of o(6)?
6
Let t be ((-4)/(-12))/(2/12 - 0). Let s(g) = 17*g**2 + 2. Let x(c) = -c**2. Let u(l) = s(l) + 6*x(l). What is the tens digit of u(t)?
4
Suppose 17 = 2*j + 7. Suppose -50 = -3*p - 5*r + 37, j*r - 111 = -4*p. What is the units digit of p?
4
Let z be (-1*(2 + -1)*-4)/(-2). What is the units digit of (-4 - -1)/(z/42)?
3
Suppose 23*y = 25*y - 2*h - 222, 3*y + 3*h = 333. What is the units digit of y?
1
Let c(y) = 2*y + 3. Let o be c(3). Suppose -1120 = 8*t + 1976. What is the units digit of (-1 - 0)/(o/t)?
3
Let m be (-79)/3*(-10)/((-40)/(-12)). Let v(b) = -b**3 - 9*b**2 - 8*b - 3. Let d be v(-7). Let z = d + m. What is the tens digit of z?
3
Suppose 4*d = 2*h - h - 4, -h + 5*d + 5 = 0. Suppose -2*b = -10 - h. Suppose 68 = 4*v + 2*y, -b*v = -2*y - 2*y - 111. What is the tens digit of v?
1
Suppose 4*i = 2*s - 18, -3*i - 2*s = -2*i + 17. Let y(m) = -m**3 - 8*m**2 - 8*m + 3. What is the units digit of y(i)?
0
Let n(j) = -15*j**2 - 2 + 0*j**3 - 6 - j - j**3 + 4*j. What is the units digit of n(-16)?
0
Let u be (1 - 1) + ((-225)/3)/(-15). Suppose -2*v + 240 = -5*o, 3*v = 4*o + 270 + 83. Suppose -2*p = u - v. What is the units digit of p?
5
Let i = -8 + -2. Let x be i/(-25) + 156/10. Suppose -72 + x = -2*s. What is the units digit of s?
8
What is the tens digit of ((-68)/16 - (-8)/2)*-1324?
3
Let y = -106 + -79. What is the hundreds digit of (-4 - (-3)/1)*y?
1
What is the tens digit of 16/(7 - -1)*557?
1
Suppose d - 28 = -d + 4*a, 0 = -2*d - 2*a + 28. Let r = d + 4. Suppose -u + 2 = -r. What is the units digit of u?
0
Let n = -583 - -1196. Let l = n + -300. What is the units digit of l?
3
Let g(d) = -d + 6. Let i be g(3). Suppose i*b = 4*b - 3. Suppose -3*n = -b*z - z + 107, -2*n + 50 = 2*z. What is the tens digit of z?
2
Let j(v) = v + 2. Let z(i) = 1. Let h(q) = -4*j(q) - 4*z(q). Let r be h(-8). Suppose -5*l - 20 = 0, 0*f = 2*f + 4*l - r. What is the units digit of f?
8
Let x = -67 - -72. What is the hundreds digit of 1/x - 1538/(-10)?
1
Let f(p) = p + 10. Suppose 8 + 0 = -s. What is the units digit of f(s)?
2
Let g be (-1 + 0)*(-1 - (-10 + -4)). Let a be (-2)/(1 + (-20)/18). Let h = g + a. What is the units digit of h?
5
Suppose -4*o + 3*s - 84 + 1081 = 0, 0 = 2*o - 5*s - 481. What is the hundreds digit of o?
2
Suppose -3*b - 11740 = -7*h, 0 = 5*h + 25*b - 28*b - 8384. What is the units digit of h?
8
Let c be (51/(-17) + (-158)/(-2))/1. Suppose 0 = 3*l + 3*x - 60, 0 = -4*l - 0*x - 3*x + c. What is the units digit of l?
6
Let b = -2 + 3. Let d(r) = r**3 - 6*r**2 + 4*r + 8. Let s be d(5). Suppose p = b + s. What is the units digit of p?
4
Let c(f) = 5*f**2 + 4*f + 2. Let g(a) = a**3 + 7*a**2 + 8*a + 9. Let n be g(-6). Let s = -6 - n. What is the units digit of c(s)?
5
Let p be -2 - 4/((-16)/12). Let z = 0 + p. What is the units digit of